test common divisor of 3956 and 29756.
172
What is the highest common divisor of 91 and 54613?
13
What is the highest common divisor of 1176 and 714?
42
What is the greatest common factor of 330946 and 2002?
154
Calculate the greatest common factor of 920 and 6785.
115
What is the greatest common factor of 210593 and 197?
197
Calculate the highest common factor of 2496 and 3792.
48
Calculate the highest common divisor of 303256 and 8.
8
Calculate the highest common divisor of 1194745 and 5.
5
What is the highest common factor of 2403 and 483537?
267
What is the highest common factor of 8266888 and 392?
392
Calculate the greatest common factor of 15603 and 189.
21
What is the highest common factor of 14073 and 9?
3
What is the highest common divisor of 6 and 47778?
6
Calculate the greatest common factor of 971 and 2710061.
971
Calculate the highest common divisor of 19 and 3125177.
19
What is the greatest common factor of 2 and 392?
2
Calculate the greatest common factor of 486 and 205362.
54
What is the highest common factor of 9450 and 854550?
1350
What is the greatest common factor of 1713 and 452803?
571
Calculate the highest common factor of 4255 and 92.
23
Calculate the greatest common divisor of 322664 and 8.
8
What is the greatest common divisor of 1311 and 5037?
69
What is the highest common factor of 1108614 and 26?
26
Calculate the highest common factor of 36180 and 120.
60
What is the highest common divisor of 4006215 and 762?
381
Calculate the greatest common factor of 1446542 and 2.
2
What is the greatest common divisor of 2940 and 558?
6
What is the highest common factor of 27118 and 6006?
182
What is the greatest common factor of 24934 and 1274?
182
What is the greatest common factor of 206441 and 118?
59
What is the greatest common factor of 640159 and 23?
23
Calculate the highest common factor of 928378 and 44.
22
What is the greatest common factor of 1547183 and 5203?
473
What is the greatest common divisor of 1625670 and 405?
405
Calculate the greatest common factor of 64932 and 252.
84
What is the greatest common factor of 313582 and 68?
34
What is the greatest common factor of 88512 and 5472?
96
Calculate the highest common factor of 81955 and 3101.
443
Calculate the highest common divisor of 51249 and 305941.
1553
What is the highest common factor of 57008 and 7?
7
What is the highest common factor of 1680 and 4624?
16
Calculate the greatest common factor of 7279 and 4267.
251
What is the greatest common divisor of 1750 and 1419250?
1750
What is the greatest common divisor of 1310 and 646092?
262
Calculate the greatest common divisor of 340594 and 190.
38
Calculate the greatest common divisor of 10483 and 484.
11
What is the greatest common divisor of 855 and 12483?
171
Calculate the highest common factor of 64367 and 3707.
337
What is the greatest common factor of 123 and 4098606?
123
Calculate the highest common divisor of 2907 and 5542.
17
Calculate the highest common divisor of 2277 and 214665.
33
What is the greatest common factor of 21457 and 446605?
499
Calculate the greatest common factor of 65750 and 1390.
10
Calculate the greatest common divisor of 300 and 35445.
15
What is the greatest common factor of 11894 and 19152?
38
Calculate the highest common factor of 151 and 924271.
151
Calculate the greatest common factor of 1394 and 4148.
34
What is the highest common factor of 1032 and 1920208?
344
What is the greatest common divisor of 1516 and 207313?
379
What is the greatest common divisor of 6302 and 31050?
46
What is the greatest common divisor of 2363 and 289?
17
Calculate the highest common divisor of 148 and 2107964.
148
Calculate the greatest common divisor of 5561676 and 162.
54
What is the greatest common divisor of 137277 and 3?
3
Calculate the highest common divisor of 29026 and 138.
46
Calculate the greatest common factor of 3246 and 5622.
6
Calculate the highest common factor of 816 and 6864.
48
Calculate the greatest common divisor of 3725 and 175.
25
What is the greatest common divisor of 426 and 1271397?
213
What is the greatest common factor of 1548 and 45531?
9
What is the highest common factor of 33040 and 37520?
560
What is the highest common factor of 24430 and 280?
70
What is the highest common divisor of 43824 and 484?
44
What is the highest common divisor of 416 and 115700?
52
Calculate the highest common divisor of 2862 and 6912.
54
Calculate the greatest common factor of 544204 and 21140.
604
Calculate the greatest common factor of 188254 and 398.
398
Calculate the greatest common factor of 342 and 61902.
342
Calculate the greatest common factor of 21512 and 112.
8
What is the highest common divisor of 49984 and 3337?
71
What is the highest common divisor of 4470520 and 40?
40
What is the greatest common factor of 147 and 1428?
21
Calculate the highest common divisor of 1032 and 4085.
43
Calculate the greatest common divisor of 136 and 2201092.
68
What is the highest common divisor of 2058 and 40362?
42
What is the greatest common factor of 130 and 123890?
130
Calculate the highest common divisor of 28 and 11668.
4
What is the highest common divisor of 10304292 and 12?
12
Calculate the greatest common factor of 92501 and 397.
397
What is the greatest common divisor of 152 and 148409?
19
What is the greatest common divisor of 80460 and 75060?
540
What is the highest common factor of 915 and 90?
15
What is the highest common factor of 5120901 and 573?
573
What is the highest common divisor of 414 and 630?
18
Calculate the greatest common factor of 151215 and 4590.
255
Calculate the greatest common factor of 6350 and 134366.
254
What is the highest common divisor of 20 and 118030?
10
Calculate the highest common divisor of 8 and 129840.
8
Calculate the greatest common factor of 15751 and 21584.
19
What is the greatest common factor of 6971540 and 1480?
740
What is the greatest common divisor of 19981 and 52403?
377
Calculate the highest common divisor of 17901 and 92502.
81
What is the greatest common divisor of 980 and 8620?
20
What is the greatest common divisor of 51 and 449208?
51
Calculate the highest common divisor of 14900 and 900.
100
What is the highest common factor of 2128 and 4522?
266
Calculate the highest common factor of 5323279 and 13.
13
What is the highest common divisor of 3183 and 555964?
1061
What is the highest common factor of 296 and 183224?
296
Calculate the highest common divisor of 304 and 2356.
76
What is the highest common factor of 10225072 and 1066?
1066
Calculate the highest common factor of 510 and 3790.
10
What is the greatest common divisor of 5230 and 160?
10
Calculate the greatest common factor of 1430 and 14716.
26
What is the greatest common factor of 3726 and 4002?
138
Calculate the greatest common divisor of 86676 and 651.
93
What is the greatest common factor of 116 and 4553?
29
Calculate the highest common divisor of 1895030 and 620.
310
What is the highest common factor of 224520 and 120?
120
What is the highest common factor of 267 and 57?
3
What is the highest common divisor of 64614 and 36762?
66
Calculate the highest common factor of 111756 and 3058.
278
What is the greatest common divisor of 3 and 143838?
3
What is the greatest common factor of 79285 and 2929?
101
What is the greatest common divisor of 1040 and 86736?
208
Calculate the greatest common divisor of 53 and 272261.
53
What is the highest common divisor of 943806 and 9690?
1938
What is the highest common divisor of 4446 and 1454336?
494
What is the greatest common divisor of 8760 and 1825?
365
Calculate the highest common factor of 21 and 199759.
7
Calculate the greatest common divisor of 18312 and 36.
12
What is the greatest common divisor of 96 and 54752?
32
What is the highest common factor of 764144 and 16?
16
What is the greatest common factor of 28237 and 561?
187
Calculate the highest common factor of 3205 and 2235.
5
What is the greatest common divisor of 56466 and 18?
18
What is the greatest common factor of 44700 and 375?
75
Calculate the highest common divisor of 22576 and 311831.
1411
Calculate the highest common factor of 459697 and 119.
119
Calculate the highest common divisor of 728 and 78988.
364
Calculate the highest common divisor of 1266 and 1501054.
422
Wha